{"id":15245,"date":"2023-02-17T12:25:17","date_gmt":"2023-02-17T12:25:17","guid":{"rendered":"https:\/\/ceatso.com\/?post_type=lp_course&#038;p=15245"},"modified":"2025-07-11T01:57:07","modified_gmt":"2025-07-11T01:57:07","slug":"curso-familia-infancia-vulnerada","status":"publish","type":"lp_course","link":"https:\/\/ceatso.com\/es\/courses\/curso-familia-infancia-vulnerada\/","title":{"rendered":"Curso Familia e Infancia Vulnerada"},"content":{"rendered":"<ul>\n<li>\n<h4><strong><span style=\"color: #ff8254;\">MODALIDAD:<\/span>\u00a0Online<\/strong><\/h4>\n<\/li>\n<li>\n<h4><span style=\"color: #ff8254;\"><strong>DURACI\u00d3N:<\/strong><\/span>\u00a020 hrs. certificadas<\/h4>\n<\/li>\n<li>\n<h4><span style=\"color: #ff8254;\"><strong>HORARIO:\u00a0<\/strong><\/span>\u00a0S\u00e1bados de 9:00 a 13 hrs.<\/h4>\n<\/li>\n<li>\n<h4><span style=\"color: #ff8254;\"><strong>VALOR:<\/strong><\/span>\u00a0$50.000 \/ 62.50 d\u00f3lares<\/h4>\n<\/li>\n<\/ul>\n<p>&nbsp;<\/p>\n<p><span style=\"color: #ff8254;\"><strong>OBJETIVO:\u00a0<\/strong><\/span>Analizar las actuales complejidades de la familia e infancia en contextos de vulnerabilidad social, identificando las dificultades propias que se generan dentro de su estructura, din\u00e1mica y nuevos v\u00ednculos.<\/p>\n<ul>\n<li>Nuevas familias, parentalidad, mirada sistem\u00e1tica y sist\u00e9mica constructivista en la intervenci\u00f3n social.<\/li>\n<li>Vulneraci\u00f3n de derecho, infancia y sus modelos de intervenci\u00f3n, aciertos y desaciertos de las pol\u00edticas sociales.<\/li>\n<li>Nuevos desaf\u00edos en el Trabajo Social.<\/li>\n<\/ul>\n<p><span style=\"color: #ff8254;\"><strong>EVALUACI\u00d3N Y APROBACI\u00d3N<\/strong><\/span><\/p>\n<ul>\n<li style=\"text-align: justify;\">Forma de evaluaci\u00f3n a trav\u00e9s de Trabajo de An\u00e1lisis de casos<\/li>\n<li style=\"text-align: justify;\">Plazo de entrega: 48 horas despu\u00e9s de terminado el curso<\/li>\n<li style=\"text-align: justify;\">Certificaci\u00f3n Digital<\/li>\n<li style=\"text-align: justify;\">Nota superior a 5.5<\/li>\n<\/ul>\n<p><span style=\"color: #ff8254;\"><b>C<span style=\"color: #ff8254;\">OORDINADORA ACAD\u00c9MICA<\/span><\/b><\/span><\/p>\n<p style=\"text-align: justify;\"><span style=\"color: #ff8254;\"><a style=\"color: #ff8254;\" href=\"https:\/\/ceatso.com\/es\/our_team\/yolanda-susaeta-racero\/\" target=\"_blank\" rel=\"noopener\"><strong>Yolanda Susaeta Racero: <\/strong><\/a><\/span>Es Trabajadora Social por la Universidad del Pa\u00eds Vasco, Espa\u00f1a. Especialista en Logoterapia y An\u00e1lisis Existencial por la Asociaci\u00f3n Espa\u00f1ola de Logoterapia en Madrid, Espa\u00f1a. Mag\u00edster en Trabajo Social con Familias en contextos de diversidad sociocultural por la Universidad Cat\u00f3lica de Chile. Acad\u00e9mica y supervisora de pr\u00e1cticas Trabajo Social Universidad Tecnol\u00f3gica de Chile. Experiencia profesional en diversas organizaciones sociales en acompa\u00f1amiento psicosocial individual y familiar a colectivos en situaci\u00f3n de riesgo social y en materia de gesti\u00f3n y evaluaci\u00f3n de proyectos sociales.<\/p>","protected":false},"excerpt":{"rendered":"<p>MODALIDAD:\u00a0Online DURACI\u00d3N:\u00a020 hrs. certificadas HORARIO:\u00a0\u00a0S\u00e1bados de 9:00 a 13 hrs. VALOR:\u00a0$50.000 \/ 62.50 d\u00f3lares &nbsp; OBJETIVO:\u00a0Analizar las actuales complejidades de la familia e infancia en contextos de vulnerabilidad social, identificando las dificultades propias que se generan dentro de su estructura, &hellip; <\/p>","protected":false},"author":159,"featured_media":15299,"comment_status":"open","ping_status":"closed","template":"","course_category":[6530],"course_tag":[6662,6646,6682,6672],"class_list":["post-15245","lp_course","type-lp_course","status-publish","has-post-thumbnail","hentry","course_category-cursos-b-learning","course_tag-curso","course_tag-familia","course_tag-infancia","course_tag-online","pmpro-has-access","course"],"yoast_head":"<!-- This site is optimized with the Yoast SEO plugin v25.3 - https:\/\/yoast.com\/wordpress\/plugins\/seo\/ -->\n<title>Curso Familia e Infancia Vulnerada - CEATSO<\/title>\n<meta name=\"robots\" content=\"index, follow, max-snippet:-1, max-image-preview:large, max-video-preview:-1\" \/>\n<link rel=\"canonical\" href=\"https:\/\/ceatso.com\/es\/courses\/curso-familia-infancia-vulnerada\/\" \/>\n<meta property=\"og:locale\" content=\"es_ES\" \/>\n<meta property=\"og:type\" content=\"article\" \/>\n<meta property=\"og:title\" content=\"Curso Familia e Infancia Vulnerada - CEATSO\" \/>\n<meta property=\"og:description\" content=\"MODALIDAD:\u00a0Online DURACI\u00d3N:\u00a020 hrs. certificadas HORARIO:\u00a0\u00a0S\u00e1bados de 9:00 a 13 hrs. VALOR:\u00a0$50.000 \/ 62.50 d\u00f3lares &nbsp; OBJETIVO:\u00a0Analizar las actuales complejidades de la familia e infancia en contextos de vulnerabilidad social, identificando las dificultades propias que se generan dentro de su estructura, &hellip;\" \/>\n<meta property=\"og:url\" content=\"https:\/\/ceatso.com\/es\/courses\/curso-familia-infancia-vulnerada\/\" \/>\n<meta property=\"og:site_name\" content=\"CEATSO\" \/>\n<meta property=\"article:modified_time\" content=\"2025-07-11T01:57:07+00:00\" \/>\n<meta property=\"og:image\" content=\"https:\/\/ceatso.com\/wp-content\/uploads\/2023\/02\/8-Img-Familia-e-infancia-vulnerada.png\" \/>\n\t<meta property=\"og:image:width\" content=\"369\" \/>\n\t<meta property=\"og:image:height\" content=\"328\" \/>\n\t<meta property=\"og:image:type\" content=\"image\/png\" \/>\n<meta name=\"twitter:card\" content=\"summary_large_image\" \/>\n<meta name=\"twitter:label1\" content=\"Tiempo de lectura\" \/>\n\t<meta name=\"twitter:data1\" content=\"2 minutos\" \/>\n<script type=\"application\/ld+json\" class=\"yoast-schema-graph\">{\"@context\":\"https:\/\/schema.org\",\"@graph\":[{\"@type\":\"WebPage\",\"@id\":\"https:\/\/ceatso.com\/courses\/curso-familia-infancia-vulnerada\/\",\"url\":\"https:\/\/ceatso.com\/courses\/curso-familia-infancia-vulnerada\/\",\"name\":\"Curso Familia e Infancia Vulnerada - CEATSO\",\"isPartOf\":{\"@id\":\"https:\/\/ceatso.com\/#website\"},\"primaryImageOfPage\":{\"@id\":\"https:\/\/ceatso.com\/courses\/curso-familia-infancia-vulnerada\/#primaryimage\"},\"image\":{\"@id\":\"https:\/\/ceatso.com\/courses\/curso-familia-infancia-vulnerada\/#primaryimage\"},\"thumbnailUrl\":\"https:\/\/ceatso.com\/wp-content\/uploads\/2023\/02\/8-Img-Familia-e-infancia-vulnerada.png\",\"datePublished\":\"2023-02-17T12:25:17+00:00\",\"dateModified\":\"2025-07-11T01:57:07+00:00\",\"breadcrumb\":{\"@id\":\"https:\/\/ceatso.com\/courses\/curso-familia-infancia-vulnerada\/#breadcrumb\"},\"inLanguage\":\"es\",\"potentialAction\":[{\"@type\":\"ReadAction\",\"target\":[\"https:\/\/ceatso.com\/courses\/curso-familia-infancia-vulnerada\/\"]}]},{\"@type\":\"ImageObject\",\"inLanguage\":\"es\",\"@id\":\"https:\/\/ceatso.com\/courses\/curso-familia-infancia-vulnerada\/#primaryimage\",\"url\":\"https:\/\/ceatso.com\/wp-content\/uploads\/2023\/02\/8-Img-Familia-e-infancia-vulnerada.png\",\"contentUrl\":\"https:\/\/ceatso.com\/wp-content\/uploads\/2023\/02\/8-Img-Familia-e-infancia-vulnerada.png\",\"width\":369,\"height\":328},{\"@type\":\"BreadcrumbList\",\"@id\":\"https:\/\/ceatso.com\/courses\/curso-familia-infancia-vulnerada\/#breadcrumb\",\"itemListElement\":[{\"@type\":\"ListItem\",\"position\":1,\"name\":\"Portada\",\"item\":\"https:\/\/ceatso.com\/\"},{\"@type\":\"ListItem\",\"position\":2,\"name\":\"Cursos\",\"item\":\"https:\/\/ceatso.com\/cursos\/\"},{\"@type\":\"ListItem\",\"position\":3,\"name\":\"Curso Familia e Infancia Vulnerada\"}]},{\"@type\":\"WebSite\",\"@id\":\"https:\/\/ceatso.com\/#website\",\"url\":\"https:\/\/ceatso.com\/\",\"name\":\"CEATSO\",\"description\":\"Corporacion de Estudios Avanzados en Trabajo Social\",\"publisher\":{\"@id\":\"https:\/\/ceatso.com\/#organization\"},\"potentialAction\":[{\"@type\":\"SearchAction\",\"target\":{\"@type\":\"EntryPoint\",\"urlTemplate\":\"https:\/\/ceatso.com\/?s={search_term_string}\"},\"query-input\":{\"@type\":\"PropertyValueSpecification\",\"valueRequired\":true,\"valueName\":\"search_term_string\"}}],\"inLanguage\":\"es\"},{\"@type\":\"Organization\",\"@id\":\"https:\/\/ceatso.com\/#organization\",\"name\":\"Corporaci\u00f3n de Estudios Avanzados En Trabajo Social | CEATSO\",\"url\":\"https:\/\/ceatso.com\/\",\"logo\":{\"@type\":\"ImageObject\",\"inLanguage\":\"es\",\"@id\":\"https:\/\/ceatso.com\/#\/schema\/logo\/image\/\",\"url\":\"https:\/\/ceatso.com\/wp-content\/uploads\/2019\/05\/Logro-Negro.png\",\"contentUrl\":\"https:\/\/ceatso.com\/wp-content\/uploads\/2019\/05\/Logro-Negro.png\",\"width\":569,\"height\":164,\"caption\":\"Corporaci\u00f3n de Estudios Avanzados En Trabajo Social | CEATSO\"},\"image\":{\"@id\":\"https:\/\/ceatso.com\/#\/schema\/logo\/image\/\"}}]}<\/script>\n<!-- \/ Yoast SEO plugin. -->","yoast_head_json":{"title":"Curso Familia e Infancia Vulnerada - CEATSO","robots":{"index":"index","follow":"follow","max-snippet":"max-snippet:-1","max-image-preview":"max-image-preview:large","max-video-preview":"max-video-preview:-1"},"canonical":"https:\/\/ceatso.com\/es\/courses\/curso-familia-infancia-vulnerada\/","og_locale":"es_ES","og_type":"article","og_title":"Curso Familia e Infancia Vulnerada - CEATSO","og_description":"MODALIDAD:\u00a0Online DURACI\u00d3N:\u00a020 hrs. certificadas HORARIO:\u00a0\u00a0S\u00e1bados de 9:00 a 13 hrs. VALOR:\u00a0$50.000 \/ 62.50 d\u00f3lares &nbsp; OBJETIVO:\u00a0Analizar las actuales complejidades de la familia e infancia en contextos de vulnerabilidad social, identificando las dificultades propias que se generan dentro de su estructura, &hellip;","og_url":"https:\/\/ceatso.com\/es\/courses\/curso-familia-infancia-vulnerada\/","og_site_name":"CEATSO","article_modified_time":"2025-07-11T01:57:07+00:00","og_image":[{"width":369,"height":328,"url":"https:\/\/ceatso.com\/wp-content\/uploads\/2023\/02\/8-Img-Familia-e-infancia-vulnerada.png","type":"image\/png"}],"twitter_card":"summary_large_image","twitter_misc":{"Tiempo de lectura":"2 minutos"},"schema":{"@context":"https:\/\/schema.org","@graph":[{"@type":"WebPage","@id":"https:\/\/ceatso.com\/courses\/curso-familia-infancia-vulnerada\/","url":"https:\/\/ceatso.com\/courses\/curso-familia-infancia-vulnerada\/","name":"Curso Familia e Infancia Vulnerada - CEATSO","isPartOf":{"@id":"https:\/\/ceatso.com\/#website"},"primaryImageOfPage":{"@id":"https:\/\/ceatso.com\/courses\/curso-familia-infancia-vulnerada\/#primaryimage"},"image":{"@id":"https:\/\/ceatso.com\/courses\/curso-familia-infancia-vulnerada\/#primaryimage"},"thumbnailUrl":"https:\/\/ceatso.com\/wp-content\/uploads\/2023\/02\/8-Img-Familia-e-infancia-vulnerada.png","datePublished":"2023-02-17T12:25:17+00:00","dateModified":"2025-07-11T01:57:07+00:00","breadcrumb":{"@id":"https:\/\/ceatso.com\/courses\/curso-familia-infancia-vulnerada\/#breadcrumb"},"inLanguage":"es","potentialAction":[{"@type":"ReadAction","target":["https:\/\/ceatso.com\/courses\/curso-familia-infancia-vulnerada\/"]}]},{"@type":"ImageObject","inLanguage":"es","@id":"https:\/\/ceatso.com\/courses\/curso-familia-infancia-vulnerada\/#primaryimage","url":"https:\/\/ceatso.com\/wp-content\/uploads\/2023\/02\/8-Img-Familia-e-infancia-vulnerada.png","contentUrl":"https:\/\/ceatso.com\/wp-content\/uploads\/2023\/02\/8-Img-Familia-e-infancia-vulnerada.png","width":369,"height":328},{"@type":"BreadcrumbList","@id":"https:\/\/ceatso.com\/courses\/curso-familia-infancia-vulnerada\/#breadcrumb","itemListElement":[{"@type":"ListItem","position":1,"name":"Portada","item":"https:\/\/ceatso.com\/"},{"@type":"ListItem","position":2,"name":"Cursos","item":"https:\/\/ceatso.com\/cursos\/"},{"@type":"ListItem","position":3,"name":"Curso Familia e Infancia Vulnerada"}]},{"@type":"WebSite","@id":"https:\/\/ceatso.com\/#website","url":"https:\/\/ceatso.com\/","name":"CEATSO","description":"Corporacion de Estudios Avanzados en Trabajo Social","publisher":{"@id":"https:\/\/ceatso.com\/#organization"},"potentialAction":[{"@type":"SearchAction","target":{"@type":"EntryPoint","urlTemplate":"https:\/\/ceatso.com\/?s={search_term_string}"},"query-input":{"@type":"PropertyValueSpecification","valueRequired":true,"valueName":"search_term_string"}}],"inLanguage":"es"},{"@type":"Organization","@id":"https:\/\/ceatso.com\/#organization","name":"Corporaci\u00f3n de Estudios Avanzados En Trabajo Social | CEATSO","url":"https:\/\/ceatso.com\/","logo":{"@type":"ImageObject","inLanguage":"es","@id":"https:\/\/ceatso.com\/#\/schema\/logo\/image\/","url":"https:\/\/ceatso.com\/wp-content\/uploads\/2019\/05\/Logro-Negro.png","contentUrl":"https:\/\/ceatso.com\/wp-content\/uploads\/2019\/05\/Logro-Negro.png","width":569,"height":164,"caption":"Corporaci\u00f3n de Estudios Avanzados En Trabajo Social | CEATSO"},"image":{"@id":"https:\/\/ceatso.com\/#\/schema\/logo\/image\/"}}]}},"_links":{"self":[{"href":"https:\/\/ceatso.com\/es\/wp-json\/wp\/v2\/lp_course\/15245","targetHints":{"allow":["GET"]}}],"collection":[{"href":"https:\/\/ceatso.com\/es\/wp-json\/wp\/v2\/lp_course"}],"about":[{"href":"https:\/\/ceatso.com\/es\/wp-json\/wp\/v2\/types\/lp_course"}],"author":[{"embeddable":true,"href":"https:\/\/ceatso.com\/es\/wp-json\/wp\/v2\/users\/159"}],"replies":[{"embeddable":true,"href":"https:\/\/ceatso.com\/es\/wp-json\/wp\/v2\/comments?post=15245"}],"version-history":[{"count":2,"href":"https:\/\/ceatso.com\/es\/wp-json\/wp\/v2\/lp_course\/15245\/revisions"}],"predecessor-version":[{"id":15310,"href":"https:\/\/ceatso.com\/es\/wp-json\/wp\/v2\/lp_course\/15245\/revisions\/15310"}],"wp:featuredmedia":[{"embeddable":true,"href":"https:\/\/ceatso.com\/es\/wp-json\/wp\/v2\/media\/15299"}],"wp:attachment":[{"href":"https:\/\/ceatso.com\/es\/wp-json\/wp\/v2\/media?parent=15245"}],"wp:term":[{"taxonomy":"course_category","embeddable":true,"href":"https:\/\/ceatso.com\/es\/wp-json\/wp\/v2\/course_category?post=15245"},{"taxonomy":"course_tag","embeddable":true,"href":"https:\/\/ceatso.com\/es\/wp-json\/wp\/v2\/course_tag?post=15245"}],"curies":[{"name":"wp","href":"https:\/\/api.w.org\/{rel}","templated":true}]}}

<ul>
<li>
<h4><strong><span style="color: #ff8254;">MODALIDAD:</span> Online</strong></h4>
</li>
<li>
<h4><span style="color: #ff8254;"><strong>DURACIÓN:</strong></span> 20 hrs. certificadas</h4>
</li>
<li>
<h4><span style="color: #ff8254;"><strong>HORARIO: </strong></span> Sábados de 9:00 a 13 hrs.</h4>
</li>
<li>
<h4><span style="color: #ff8254;"><strong>VALOR:</strong></span> $50.000 / 62.50 dólares</h4>
</li>
</ul>
<p>&nbsp;</p>
<p><span style="color: #ff8254;"><strong>OBJETIVO: </strong></span>Analizar las actuales complejidades de la familia e infancia en contextos de vulnerabilidad social, identificando las dificultades propias que se generan dentro de su estructura, dinámica y nuevos vínculos.</p>
<ul>
<li>Nuevas familias, parentalidad, mirada sistemática y sistémica constructivista en la intervención social.</li>
<li>Vulneración de derecho, infancia y sus modelos de intervención, aciertos y desaciertos de las políticas sociales.</li>
<li>Nuevos desafíos en el Trabajo Social.</li>
</ul>
<p><span style="color: #ff8254;"><strong>EVALUACIÓN Y APROBACIÓN</strong></span></p>
<ul>
<li style="text-align: justify;">Forma de evaluación a través de Trabajo de Análisis de casos</li>
<li style="text-align: justify;">Plazo de entrega: 48 horas después de terminado el curso</li>
<li style="text-align: justify;">Certificación Digital</li>
<li style="text-align: justify;">Nota superior a 5.5</li>
</ul>
<p><span style="color: #ff8254;"><b>C<span style="color: #ff8254;">OORDINADORA ACADÉMICA</span></b></span></p>
<p style="text-align: justify;"><span style="color: #ff8254;"><a style="color: #ff8254;" href="https://ceatso.com/es/our_team/yolanda-susaeta-racero/" target="_blank" rel="noopener"><strong>Yolanda Susaeta Racero: </strong></a></span>Es Trabajadora Social por la Universidad del País Vasco, España. Especialista en Logoterapia y Análisis Existencial por la Asociación Española de Logoterapia en Madrid, España. Magíster en Trabajo Social con Familias en contextos de diversidad sociocultural por la Universidad Católica de Chile. Académica y supervisora de prácticas Trabajo Social Universidad Tecnológica de Chile. Experiencia profesional en diversas organizaciones sociales en acompañamiento psicosocial individual y familiar a colectivos en situación de riesgo social y en materia de gestión y evaluación de proyectos sociales.</p>

<p>MODALIDAD: Online DURACIÓN: 20 hrs. certificadas HORARIO:  Sábados de 9:00 a 13 hrs. VALOR: $50.000 / 62.50 dólares &nbsp; OBJETIVO: Analizar las actuales complejidades de la familia e infancia en contextos de vulnerabilidad social, identificando las dificultades propias que se generan dentro de su estructura, &hellip; </p>

<!-- This site is optimized with the Yoast SEO plugin v25.3 - https://yoast.com/wordpress/plugins/seo/ -->
<title>Curso Familia e Infancia Vulnerada - CEATSO</title>
<meta name="robots" content="index, follow, max-snippet:-1, max-image-preview:large, max-video-preview:-1" />
<link rel="canonical" href="https://ceatso.com/es/courses/curso-familia-infancia-vulnerada/" />
<meta property="og:locale" content="es_ES" />
<meta property="og:type" content="article" />
<meta property="og:title" content="Curso Familia e Infancia Vulnerada - CEATSO" />
<meta property="og:description" content="MODALIDAD: Online DURACIÓN: 20 hrs. certificadas HORARIO:  Sábados de 9:00 a 13 hrs. VALOR: $50.000 / 62.50 dólares &nbsp; OBJETIVO: Analizar las actuales complejidades de la familia e infancia en contextos de vulnerabilidad social, identificando las dificultades propias que se generan dentro de su estructura, &hellip;" />
<meta property="og:url" content="https://ceatso.com/es/courses/curso-familia-infancia-vulnerada/" />
<meta property="og:site_name" content="CEATSO" />
<meta property="article:modified_time" content="2025-07-11T01:57:07+00:00" />
<meta property="og:image" content="https://ceatso.com/wp-content/uploads/2023/02/8-Img-Familia-e-infancia-vulnerada.png" />
	<meta property="og:image:width" content="369" />
	<meta property="og:image:height" content="328" />
	<meta property="og:image:type" content="image/png" />
<meta name="twitter:card" content="summary_large_image" />
<meta name="twitter:label1" content="Tiempo de lectura" />
	<meta name="twitter:data1" content="2 minutos" />
<script type="application/ld+json" class="yoast-schema-graph">{"@context":"https://schema.org","@graph":[{"@type":"WebPage","@id":"https://ceatso.com/courses/curso-familia-infancia-vulnerada/","url":"https://ceatso.com/courses/curso-familia-infancia-vulnerada/","name":"Curso Familia e Infancia Vulnerada - CEATSO","isPartOf":{"@id":"https://ceatso.com/#website"},"primaryImageOfPage":{"@id":"https://ceatso.com/courses/curso-familia-infancia-vulnerada/#primaryimage"},"image":{"@id":"https://ceatso.com/courses/curso-familia-infancia-vulnerada/#primaryimage"},"thumbnailUrl":"https://ceatso.com/wp-content/uploads/2023/02/8-Img-Familia-e-infancia-vulnerada.png","datePublished":"2023-02-17T12:25:17+00:00","dateModified":"2025-07-11T01:57:07+00:00","breadcrumb":{"@id":"https://ceatso.com/courses/curso-familia-infancia-vulnerada/#breadcrumb"},"inLanguage":"es","potentialAction":[{"@type":"ReadAction","target":["https://ceatso.com/courses/curso-familia-infancia-vulnerada/"]}]},{"@type":"ImageObject","inLanguage":"es","@id":"https://ceatso.com/courses/curso-familia-infancia-vulnerada/#primaryimage","url":"https://ceatso.com/wp-content/uploads/2023/02/8-Img-Familia-e-infancia-vulnerada.png","contentUrl":"https://ceatso.com/wp-content/uploads/2023/02/8-Img-Familia-e-infancia-vulnerada.png","width":369,"height":328},{"@type":"BreadcrumbList","@id":"https://ceatso.com/courses/curso-familia-infancia-vulnerada/#breadcrumb","itemListElement":[{"@type":"ListItem","position":1,"name":"Portada","item":"https://ceatso.com/"},{"@type":"ListItem","position":2,"name":"Cursos","item":"https://ceatso.com/cursos/"},{"@type":"ListItem","position":3,"name":"Curso Familia e Infancia Vulnerada"}]},{"@type":"WebSite","@id":"https://ceatso.com/#website","url":"https://ceatso.com/","name":"CEATSO","description":"Corporacion de Estudios Avanzados en Trabajo Social","publisher":{"@id":"https://ceatso.com/#organization"},"potentialAction":[{"@type":"SearchAction","target":{"@type":"EntryPoint","urlTemplate":"https://ceatso.com/?s={search_term_string}"},"query-input":{"@type":"PropertyValueSpecification","valueRequired":true,"valueName":"search_term_string"}}],"inLanguage":"es"},{"@type":"Organization","@id":"https://ceatso.com/#organization","name":"Corporación de Estudios Avanzados En Trabajo Social | CEATSO","url":"https://ceatso.com/","logo":{"@type":"ImageObject","inLanguage":"es","@id":"https://ceatso.com/#/schema/logo/image/","url":"https://ceatso.com/wp-content/uploads/2019/05/Logro-Negro.png","contentUrl":"https://ceatso.com/wp-content/uploads/2019/05/Logro-Negro.png","width":569,"height":164,"caption":"Corporación de Estudios Avanzados En Trabajo Social | CEATSO"},"image":{"@id":"https://ceatso.com/#/schema/logo/image/"}}]}</script>
<!-- / Yoast SEO plugin. -->

MODALIDAD: Online DURACIÓN: 20 hrs. certificadas HORARIO:  Sábados de 9:00 a 13 hrs. VALOR: $50.000 / 62.50 dólares &nbsp; OBJETIVO: Analizar las actuales complejidades de la familia e infancia en contextos de vulnerabilidad social, identificando las dificultades propias que se generan dentro de su estructura, &hellip;

Corporación de Estudios Avanzados En Trabajo Social | CEATSO
